{"id":14,"date":"2020-04-22T17:25:11","date_gmt":"2020-04-22T15:25:11","guid":{"rendered":"https:\/\/talentcenter.tertia.de\/duesseldorf\/?page_id=14"},"modified":"2020-05-06T11:53:15","modified_gmt":"2020-05-06T09:53:15","slug":"ueber-uns","status":"publish","type":"page","link":"https:\/\/talentcenter.tertia.de\/duesseldorf\/ueber-uns\/","title":{"rendered":"\u00dcber uns"},"content":{"rendered":"<p>[vc_row][vc_column][vc_column_text]<\/p>\r\n<p>Die TERTIA Berufsf\u00f6rderung GmbH &amp; Co. KG ist ein Unternehmen der TERTIA-Gruppe. Am Standort D\u00fcsseldorf sind wir seit 1999 t\u00e4tig.<\/p>\r\n\r\n<p>Die TERTIA-Gruppe ist seit 1973 ein bew\u00e4hrter Partner der Arbeitsverwaltung und bietet Arbeitnehmern wie Arbeitgebern ein breites Dienstleistungsangebot rund um die Vermittlung in Arbeit und berufliche Qualifizierung.<br \/>Die TERTIA-Gruppe ist zertifiziert nach der europ\u00e4ischen Qualit\u00e4tsnorm DIN EN ISO 9001:2015 und der deutschen AZAV.<\/p>\r\n\r\n<p>\u00a0<\/p>\r\n\r\n<p>&nbsp;<\/p>\r\n<p>[\/vc_column_text][\/vc_column][\/vc_row]<\/p>","protected":false},"excerpt":{"rendered":"<p>[vc_row][vc_column][vc_column_text] Die TERTIA Berufsf\u00f6rderung GmbH &amp; Co. KG ist ein Unternehmen der TERTIA-Gruppe. Am Standort D\u00fcsseldorf sind wir seit 1999 t\u00e4tig. Die TERTIA-Gruppe ist seit 1973 ein bew\u00e4hrter Partner der Arbeitsverwaltung und bietet Arbeitnehmern wie Arbeitgebern ein breites Dienstleistungsangebot rund um die Vermittlung in Arbeit und berufliche Qualifizierung.Die TERTIA-Gruppe ist zertifiziert nach der europ\u00e4ischen Qualit\u00e4tsnorm &#8230; <a title=\"\u00dcber uns\" class=\"read-more\" href=\"https:\/\/talentcenter.tertia.de\/duesseldorf\/ueber-uns\/\" aria-label=\"Mehr Informationen \u00fcber \u00dcber uns\">Weiterlesen<\/a><\/p>\n","protected":false},"author":3,"featured_media":0,"parent":0,"menu_order":0,"comment_status":"closed","ping_status":"closed","template":"","meta":{"footnotes":""},"_links":{"self":[{"href":"https:\/\/talentcenter.tertia.de\/duesseldorf\/wp-json\/wp\/v2\/pages\/14"}],"collection":[{"href":"https:\/\/talentcenter.tertia.de\/duesseldorf\/wp-json\/wp\/v2\/pages"}],"about":[{"href":"https:\/\/talentcenter.tertia.de\/duesseldorf\/wp-json\/wp\/v2\/types\/page"}],"author":[{"embeddable":true,"href":"https:\/\/talentcenter.tertia.de\/duesseldorf\/wp-json\/wp\/v2\/users\/3"}],"replies":[{"embeddable":true,"href":"https:\/\/talentcenter.tertia.de\/duesseldorf\/wp-json\/wp\/v2\/comments?post=14"}],"version-history":[{"count":3,"href":"https:\/\/talentcenter.tertia.de\/duesseldorf\/wp-json\/wp\/v2\/pages\/14\/revisions"}],"predecessor-version":[{"id":681,"href":"https:\/\/talentcenter.tertia.de\/duesseldorf\/wp-json\/wp\/v2\/pages\/14\/revisions\/681"}],"wp:attachment":[{"href":"https:\/\/talentcenter.tertia.de\/duesseldorf\/wp-json\/wp\/v2\/media?parent=14"}],"curies":[{"name":"wp","href":"https:\/\/api.w.org\/{rel}","templated":true}]}}